 Suppose r*d - 6*d = 124. What is the units digit of d?
2
What is the thousands digit of 8 - ((-1240 - -9) + 10)?
1
Let k be (-15 - -5)*(-132)/(-10). Let z = k + 235. What is the hundreds digit of z?
1
Let x = 91 + 423. What is the units digit of x?
4
Let l(f) = 575*f**2 + f. What is the units digit of l(-1)?
4
Let f(t) = 19*t - 7. What is the units digit of f(11)?
2
Let u(c) = 56*c**2 - 1. Let q be u(-1). Suppose -4*h + q = 7. Suppose 4*d = -4*a - h, -2*a = 3*a + 20. What is the units digit of d?
1
Suppose -1509 - 1461 = -66*g. What is the units digit of g?
5
Let i(y) = y**3 - 21*y**2 - 43*y + 4. Let o be i(23). Let u = -43 + o. What is the units digit of u?
0
Let y be 0 - 12/(20/(-5)). Suppose 201 = y*w - 24. What is the tens digit of w?
7
Suppose -2*x - 3 = -1, -5*c = x - 9. Suppose -u + 5 = c. What is the tens digit of (u - (-3 - -9)) + 35?
3
Let d be -415*(1 - 7)*(-6)/(-45). Suppose g = 5*g - d. What is the units digit of g?
3
Let s = 983 + -503. What is the tens digit of s?
8
Let y be 572/3 + 1 - (-4)/12. Suppose 0 = 7*m - y - 284. What is the units digit of m?
8
Let t be 8*5*(-3)/(-30). Let n be t/18 + (-3904)/72. Let h = -23 - n. What is the tens digit of h?
3
Suppose 3*f + x = 3794, 1151 + 2649 = 3*f + 4*x. What is the tens digit of f?
6
Let s(z) = -z**2 + z - 6. Let t be s(0). Let l be 1*(t - (-9)/(-3)). What is the units digit of l*(24/(-9) + 1)?
5
Suppose -2809*m = -2803*m - 20028. What is the units digit of m?
8
Let c = 13 - 11. Suppose -b = g - 2, b + 2 = -c*g + 7. Suppose 0 = -g*u + 9, -j + 3*u + 38 - 16 = 0. What is the units digit of j?
1
Suppose 0 = 3*o + 5*o - 192. What is the tens digit of o?
2
Let t = 185 + 763. What is the hundreds digit of t?
9
What is the units digit of (2/(-3))/((-24)/52344)?
4
Let k = 268 + -437. Let p = 372 + k. What is the units digit of p?
3
Let x(s) = s**3 + 7*s**2 - 3*s - 8. Let r(o) = 4*o + 13. Let u be r(-5). What is the tens digit of x(u)?
1
Let u = -1 - -6. Suppose -4*o - u*g + 957 - 189 = 0, -3*o + 576 = 3*g. Suppose -b = -7*b + o. What is the tens digit of b?
3
Suppose 0*r + 17*r = 13039. What is the hundreds digit of r?
7
Suppose -x - 1074 = -3*x. What is the tens digit of x?
3
Let k(f) = 2*f**3 + 19*f**2 + 16*f - 4. What is the hundreds digit of k(-7)?
1
Let n(u) = -u**3 - 6*u**2 + 4*u + 7. Let b be n(-7). Let s be -1 - 2*b/(-8). Suppose -5*k = -s*k + 33. What is the units digit of k?
3
Suppose -s = -3*q - 75, -2*q = s - 0*q - 100. Suppose 5*u - s = 480. Suppose 5*k + g = -0*g + u, g = -1. What is the units digit of k?
3
Let g(d) = 250*d - 27. What is the tens digit of g(2)?
7
Let u(n) = n**2 + 11*n + 13. Let d = 19 + 23. Suppose -3*s + 2*h - d = -0*s, -5*s - 72 = -4*h. What is the tens digit of u(s)?
2
Suppose 47*q = 56*q - 6066. What is the hundreds digit of q?
6
Let y be (1 - 488/12)*-3. Let p = -81 + y. Let o = p - 16. What is the tens digit of o?
2
Suppose 5*o + 7 = 3*f, -14 = -3*f - 3*o + o. Suppose -3*b = f*b - 245. What is the units digit of b?
5
Let j = 27 - 11. Suppose -c + g + j + 37 = 0, 0 = -3*c + 2*g + 162. What is the tens digit of c?
5
Suppose 0 = f - 2, 0 = -z + 5*f + 76 - 5. What is the units digit of z?
1
Suppose 0 = -5*c + 5 + 10. Suppose -2*f = 3*t - t, 0 = -5*t - c*f + 4. Suppose -6*v + t*v + 76 = -4*p, -2*p = 4*v - 76. What is the tens digit of v?
1
Let f be (-183)/(-24) - 39/(-104). Suppose 655 = 5*a + 13*n - f*n, 0 = -n. What is the tens digit of a?
3
Let t be 15/(5/((-100)/(-12))). Suppose 0 = 3*f - 8*f + t. Suppose -f = v, -11 = k + 7*v - 3*v. What is the units digit of k?
9
Let i(w) = -7*w + 1. Let v be i(-2). Suppose 2*r + 0*r = -m - 11, 0 = 4*r + 5*m + 25. What is the units digit of 10 - -9*r/v?
7
Let u(p) = -p**3 - 14*p**2 - 20*p. Let y be u(-14). Let b = -159 + y. What is the units digit of b?
1
Let g(o) = -10*o - 22. Let z be g(-4). Suppose -z*n + 20*n = 454. What is the tens digit of n?
2
Let g(k) = -8*k - 6. Let u be g(-1). Suppose -5*w + 334 + 261 = -4*j, -w - u*j + 133 = 0. What is the tens digit of w?
2
Suppose -4*d - 4*i = -9*d + 97, 5*i - 52 = -2*d. Let l(f) = -f**3 + 22*f**2 - 19*f + 27. What is the tens digit of l(d)?
6
Let c be ((-10)/8)/(2/8). Suppose -75 = -4*y - y. Let b = y - c. What is the units digit of b?
0
Suppose -c = -7*c + 156. Suppose 12*b = 11*b + c. What is the tens digit of b?
2
Suppose 3*c = 4*u - 2*c - 4, 3*c - 8 = 5*u. Let i be 1148/26 - u/(-26). Suppose -l = l - i. What is the tens digit of l?
2
Suppose -3*s - 5 = -2. Suppose 0 = n - 2*q + 2 - 8, -4*n + q = 4. What is the units digit of (s + n - -12) + -2?
7
Let x = -4 + 7. What is the tens digit of 72 + (6/x - 4)?
7
Let t(k) = 118*k - 118. What is the units digit of t(34)?
4
What is the thousands digit of ((-5)/(60/(-2814)))/((-1)/(-14))?
3
Let l(c) = -15*c**3 + 2*c + 1. Let p be l(-1). Suppose 2*t + 5*g - 59 = 47, -2*g = -8. Let k = t - p. What is the tens digit of k?
2
Let t = 31 + 55. Suppose -3*m + t - 20 = 0. Let f = m + -20. What is the units digit of f?
2
Suppose -5*j = 3*v - 572, 2*v - 5*j + 378 = 4*v. Let c be v/18 - (-14)/63. Suppose 0 = -h + 11 + c. What is the units digit of h?
2
Let n be (-19)/((-5)/(-14) + 4/(-8)). Suppose 8*t - n = 963. What is the tens digit of t?
3
Suppose 10425 = 3*s + 3*y, -2327 = -3*s + 4*y + 8126. What is the hundreds digit of s?
4
Let n(d) = 91*d**2 + 25*d + 240. What is the units digit of n(-8)?
4
Suppose 420 + 372 = -8*d. Let j = d - -376. What is the tens digit of j?
7
Let m(g) be the third derivative of 3*g**4/4 - g**3/2 - 6*g**2. Let y be m(3). Suppose 0 = 4*d + 5*j - 201, 0*d - j = d - y. What is the tens digit of d?
5
Suppose 2*r - 8 = 3*k, -4*k + 0*r - 4 = -4*r. Let c(g) be the third derivative of -g**5/60 - g**4/2 + g**3 + g**2. What is the units digit of c(k)?
2
Let q(l) = 9*l**2 + 50*l - 10. What is the hundreds digit of q(-11)?
5
Let o = 17 + -11. Suppose v - o = -5. Suppose 0 = -3*c + 34 - v. What is the units digit of c?
1
Suppose 2*v + 14 = 4*a, -4 = v + 3*a - 4*a. Let d(g) = 2 + g + 2*g - 14*g**3 - 2*g - 39*g**3. What is the units digit of d(v)?
4
Let v = 94 - -125. Suppose -3*u + v = -2*o, -4*u - 2*o + 292 = -4*o. What is the tens digit of u?
7
Let j be (-12)/(-4) + 19 - -3. Suppose -o - 4*o = 4*z - j, 0 = -5*z + 5*o + 20. Suppose z*v - 85 - 95 = 0. What is the units digit of v?
6
Let n = -13 + 11. What is the units digit of 1 - (-486)/8 - n/8?
2
Let p = 323 - 122. What is the hundreds digit of p?
2
Suppose -2*r - 110 = 4*t, -3*t - 247 = 4*r - 4*t. Let p = r + 104. What is the tens digit of p?
4
What is the hundreds digit of (-24)/(-28) + (-131750)/(-70)?
8
Let a = 3275 + -1835. What is the units digit of a?
0
Suppose -1 - 3 = 4*k. Let j be (93/9*3)/k. Let c = 51 + j. What is the units digit of c?
0
Let w be ((-11)/(-3) + -1)*-3. What is the units digit of ((-14)/4 - -5)/((-6)/w)?
2
Let w(d) = 3*d - 14. Let m(a) be the third derivative of a**4/4 - 9*a**3/2 - a**2. Let q(o) = 4*m(o) - 7*w(o). What is the units digit of q(7)?
1
Suppose 0 = 2*v - 5*v - 3*y, 3*y + 7 = 4*v. Suppose f + 3 = -2*p, f - v + 4 = p. Suppose 0 = 3*i, r + 0*i + 2*i - 15 = p. What is the units digit of r?
5
Let x = 5 + 1. Suppose -3*k = -0*k - x. What is the units digit of (8/k)/(16/12)?
3
What is the thousands digit of (90/20)/(3/678*1)?
1
Suppose 4*j + 12*j - 44848 = 0. What is the thousands digit of j?
2
Let f(v) = v**3 - 10*v**2 + 2*v - 13. Let z be f(10). Let i = -14 + z. What is the units digit of 29/2 - i/14?
5
Suppose -k + 5*y + 154 = 0, -y + 92 - 632 = -4*k. What is the units digit of k?
4
Let v(y) = -y - 14. Suppose p = k - 25 + 8, 0 = p - 4*k + 26. Let f be v(p). Suppose f*z = z - 67. What is the units digit of z?
7
Let f = 963 - 730. What is the tens digit of f?
3
Suppose 0 = 33*q - 39*q + 7650. What is the thousands digit of q?
1
Suppose 0*s + 82296 = 81*s. What is the tens digit of s?
1
Let t(p) = -3*p + 166. What is the hundreds digit of t(-31)?
2
Let u = 263 + -246. What is the tens digit of u?
1
Let k(c) = 547*c + 83. What is the units digit of k(2)?
7
Let g(y) = y**3 + 1. Let z(v) = 4*v**3 + 6*v**2 - 9*v + 8. Let i(c) = 5*g(c) - z(c). Let u be i(6). Let j = u - 23. What is the units digit of j?
8
Suppose -y + m + 3 = -5, 19 = 5*y + 2*m. Suppose -3*s + y*s - 86 = 0. What is the units digit of s?
3
What is the tens digit of 21948/(